{"id":1614,"date":"2021-11-13T12:02:02","date_gmt":"2021-11-13T09:02:02","guid":{"rendered":"http:\/\/ardkimya.com\/?page_id=1614"},"modified":"2021-11-13T12:02:47","modified_gmt":"2021-11-13T09:02:47","slug":"harmanmakinayagi","status":"publish","type":"page","link":"http:\/\/ardkimya.com\/index.php\/urunlerimiz\/harmanmakinayagi\/","title":{"rendered":"Harman Makine Ya\u011f\u0131"},"content":{"rendered":"\n<style type=\"text\/css\" data-created_by=\"avia_inline_auto\" id=\"style-css-av-av_one_full-6126cab7d8fab8d08143dd2dacdf673c\">\n.flex_column.av-av_one_full-6126cab7d8fab8d08143dd2dacdf673c{\nborder-radius:0px 0px 0px 0px;\npadding:0px 0px 0px 0px;\n}\n<\/style>\n<div  class='flex_column av-av_one_full-6126cab7d8fab8d08143dd2dacdf673c av_one_full  avia-builder-el-0  el_before_av_textblock  avia-builder-el-first  first flex_column_div av-zero-column-padding  '     ><style type=\"text\/css\" data-created_by=\"avia_inline_auto\" id=\"style-css-av-av_heading-77d0277f6fc8eac926ff4241a8012e15\">\n#top .av-special-heading.av-av_heading-77d0277f6fc8eac926ff4241a8012e15{\npadding-bottom:2px;\n}\nbody .av-special-heading.av-av_heading-77d0277f6fc8eac926ff4241a8012e15 .av-special-heading-tag .heading-char{\nfont-size:25px;\n}\n.av-special-heading.av-av_heading-77d0277f6fc8eac926ff4241a8012e15 .av-subheading{\nfont-size:15px;\n}\n<\/style>\n<div  class='av-special-heading av-av_heading-77d0277f6fc8eac926ff4241a8012e15 av-special-heading-h3  avia-builder-el-1  avia-builder-el-no-sibling '><h3 class='av-special-heading-tag '  itemprop=\"headline\"  >Harman Makine Ya\u011f\u0131<\/h3><div class=\"special-heading-border\"><div class=\"special-heading-inner-border\"><\/div><\/div><\/div><\/div><section  class='av_textblock_section av-av_textblock-396ddf1f42196ca838231e61a4602801 '   itemscope=\"itemscope\" itemtype=\"https:\/\/schema.org\/CreativeWork\" ><div class='avia_textblock'  itemprop=\"text\" ><p>Parafinik esasl\u0131 mineral baz ya\u011flar, em\u00fclgat\u00f6rler, antistatikler ve \u00f6zel kat\u0131klardan imal edilmi\u015ftir. Harman Ya\u011f\u0131, elyaf-metal, elyaf-elyaf s\u00fcrt\u00fcnmesini en aza indirerek y\u0131pranma ve kopmalar\u0131 engeller. Y\u00fcksek elyaf kohezyonu sa\u011flayarak ipli\u011fe diren\u00e7 ve boyut kazand\u0131r\u0131r. Elyaf \u00fczerinde olu\u015fan statik elektriklenmeyi \u00f6nler. Y\u00fcksek \u0131slatma \u00f6zelli\u011fi sayesinde elyaf\u0131n y\u00fczey gerilimini d\u00fc\u015f\u00fcrerek ya\u011f\u0131n n\u00fcfuz etmesini sa\u011flar.<\/p>\n<p><strong>\u00d6zellikleri<\/strong><\/p>\n<p>Anti-korozif, antioksidant ve antimikrobial kat\u0131klar i\u00e7erdi\u011finden ortamda korozyon olu\u015fmas\u0131na ve bakteri \u00fcremesine meydan vermez.<\/p>\n<p><strong>Kullan\u0131m \u015eekli<\/strong><\/p>\n<p>Y\u00dcN \u2013 % 10-%15 em\u00fclsiyon haz\u0131rlan\u0131r ve elyaf a\u011f\u0131rl\u0131\u011f\u0131n\u0131n % 3-3,5 olacak \u015fekilde uygulan\u0131r.<\/p>\n<p>SENTET\u0130K \u2013 % 10-15 sulu em\u00fclsiyon haz\u0131rlan\u0131r. Elyaf a\u011f\u0131rl\u0131\u011f\u0131n\u0131n % 1,5 \u2013 2,0 olacak \u015fekilde uygulan\u0131r.<\/p>\n<p>PAMUKLU \u2013% 10-15 sulu em\u00fclsiyon haz\u0131rlan\u0131r Elyaf a\u011f\u0131rl\u0131\u011f\u0131n\u0131n % 1-1,5 olacak \u015fekilde<\/p>\n<p>uygulan\u0131r.<\/p>\n<p>Tipik \u00d6zellikleri<\/p>\n<p>\u0130yonik Yap\u0131s\u0131 \u00a0\u00a0Noniyonik<\/p>\n<p>Ph % 10 Em\u00fclsiyonda\u00a0\u00a0\u00a0 \u00a06,5-7,5<\/p>\n<p>Renk A\u00e7\u0131k sar\u0131 berrak s\u0131v\u0131<\/p>\n<p>Yo\u011funluk 0,800 g\/ml<\/p>\n<p>Alevlenme 220 \u00baC (CoC)<\/p>\n<p><strong>Uyar\u0131lar ve \u00d6neriler<\/strong><\/p>\n<p>At\u0131k ya\u011f\u0131; topra\u011fa, suya, kanalizasyona ve \u00e7\u00f6pe d\u00f6kmeyiniz. Temiz, sa\u011flam ve a\u011fz\u0131 s\u0131k\u0131 \u015fekilde kapat\u0131lm\u0131\u015f bir kap i\u00e7inde en yak\u0131n at\u0131k ya\u011f\u0131<\/p>\n<p>toplama merkezine teslim ediniz. \u00c7ocuklardan uzak tutunuz, s\u00fcrekli ve uzun s\u00fcreli temaslardan ka\u00e7\u0131n\u0131n\u0131z. Yutuldu\u011funda zorla kusturmay\u0131n\u0131z, t\u0131bbi yard\u0131m isteyiniz. G\u00fcne\u015f \u0131\u015f\u0131nlar\u0131na maruz b\u0131rakmay\u0131n\u0131z. Kapal\u0131 alanda muhafaza ediniz, nemli ve rutubetli ortamlarda<\/p>\n<p>bulundurmay\u0131n\u0131z.<\/p>\n<\/div><\/section><\/p>\n","protected":false},"excerpt":{"rendered":"","protected":false},"author":1,"featured_media":0,"parent":1142,"menu_order":3,"comment_status":"closed","ping_status":"closed","template":"","meta":{"om_disable_all_campaigns":false,"_mi_skip_tracking":false,"footnotes":""},"class_list":["post-1614","page","type-page","status-publish","hentry"],"aioseo_notices":[],"_links":{"self":[{"href":"http:\/\/ardkimya.com\/index.php\/wp-json\/wp\/v2\/pages\/1614","targetHints":{"allow":["GET"]}}],"collection":[{"href":"http:\/\/ardkimya.com\/index.php\/wp-json\/wp\/v2\/pages"}],"about":[{"href":"http:\/\/ardkimya.com\/index.php\/wp-json\/wp\/v2\/types\/page"}],"author":[{"embeddable":true,"href":"http:\/\/ardkimya.com\/index.php\/wp-json\/wp\/v2\/users\/1"}],"replies":[{"embeddable":true,"href":"http:\/\/ardkimya.com\/index.php\/wp-json\/wp\/v2\/comments?post=1614"}],"version-history":[{"count":1,"href":"http:\/\/ardkimya.com\/index.php\/wp-json\/wp\/v2\/pages\/1614\/revisions"}],"predecessor-version":[{"id":1620,"href":"http:\/\/ardkimya.com\/index.php\/wp-json\/wp\/v2\/pages\/1614\/revisions\/1620"}],"up":[{"embeddable":true,"href":"http:\/\/ardkimya.com\/index.php\/wp-json\/wp\/v2\/pages\/1142"}],"wp:attachment":[{"href":"http:\/\/ardkimya.com\/index.php\/wp-json\/wp\/v2\/media?parent=1614"}],"curies":[{"name":"wp","href":"https:\/\/api.w.org\/{rel}","templated":true}]}}