{"id":1385,"date":"2021-10-10T23:08:48","date_gmt":"2021-10-10T20:08:48","guid":{"rendered":"http:\/\/ardkimya.com\/?page_id=1385"},"modified":"2021-10-10T23:08:48","modified_gmt":"2021-10-10T20:08:48","slug":"misyonumuz","status":"publish","type":"page","link":"http:\/\/ardkimya.com\/index.php\/kurumsal\/misyonumuz\/?lang=ru","title":{"rendered":"Misyonumuz"},"content":{"rendered":"<p><img loading=\"lazy\" decoding=\"async\" class=\"alignnone size-large wp-image-1272\" src=\"http:\/\/ardkimya.com\/wp-content\/uploads\/2021\/09\/IMG_0195-1030x773.jpg\" alt=\"\" width=\"1030\" height=\"773\" srcset=\"http:\/\/ardkimya.com\/wp-content\/uploads\/2021\/09\/IMG_0195-1030x773.jpg 1030w, http:\/\/ardkimya.com\/wp-content\/uploads\/2021\/09\/IMG_0195-300x225.jpg 300w, http:\/\/ardkimya.com\/wp-content\/uploads\/2021\/09\/IMG_0195-768x576.jpg 768w, http:\/\/ardkimya.com\/wp-content\/uploads\/2021\/09\/IMG_0195-1500x1125.jpg 1500w, http:\/\/ardkimya.com\/wp-content\/uploads\/2021\/09\/IMG_0195-705x529.jpg 705w, http:\/\/ardkimya.com\/wp-content\/uploads\/2021\/09\/IMG_0195-450x338.jpg 450w\" sizes=\"auto, (max-width: 1030px) 100vw, 1030px\" \/><\/p>\n<p style=\"text-align: center; font-size: 22px;\">Y\u00fcksek \u00fcr\u00fcn standartlar\u0131yla sat\u0131\u015f \u00f6ncesi ve sonras\u0131 bilgi, hizmet deste\u011finin olu\u015fturulmas\u0131, problemlere ortak \u00e7al\u0131\u015fmalar ile \u00e7\u00f6z\u00fcmler yaratan teknik servis yakla\u015f\u0131mlar\u0131n\u0131n sunulmas\u0131 ve bu sayede mutlak m\u00fc\u015fteri memnuniyetinin sa\u011flanmas\u0131 temel ama\u00e7lar\u0131m\u0131zd\u0131r.<\/p>\n<p style=\"text-align: center; font-size: 22px;\">ARD \u00e7evre, insan ve i\u015f g\u00fcvenli\u011finin sa\u011flanmas\u0131 i\u00e7in \u00e7al\u0131\u015fmalar\u0131n\u0131 titizlikle y\u00fcr\u00fcten, Sorumluluk Prensiplerini uygulayarak sosyal sorumluluklar\u0131n\u0131 yerine getirmektedir.<\/p>\n","protected":false},"excerpt":{"rendered":"<p>Y\u00fcksek \u00fcr\u00fcn standartlar\u0131yla sat\u0131\u015f \u00f6ncesi ve sonras\u0131 bilgi, hizmet deste\u011finin olu\u015fturulmas\u0131, problemlere ortak \u00e7al\u0131\u015fmalar ile \u00e7\u00f6z\u00fcmler yaratan teknik servis yakla\u015f\u0131mlar\u0131n\u0131n sunulmas\u0131 ve bu sayede mutlak m\u00fc\u015fteri memnuniyetinin sa\u011flanmas\u0131 temel ama\u00e7lar\u0131m\u0131zd\u0131r. ARD \u00e7evre, insan ve i\u015f g\u00fcvenli\u011finin sa\u011flanmas\u0131 i\u00e7in \u00e7al\u0131\u015fmalar\u0131n\u0131 titizlikle y\u00fcr\u00fcten, Sorumluluk Prensiplerini uygulayarak sosyal sorumluluklar\u0131n\u0131 yerine getirmektedir.<\/p>\n","protected":false},"author":1,"featured_media":0,"parent":1358,"menu_order":2,"comment_status":"closed","ping_status":"closed","template":"","meta":{"om_disable_all_campaigns":false,"_mi_skip_tracking":false,"footnotes":""},"class_list":["post-1385","page","type-page","status-publish","hentry"],"aioseo_notices":[],"_links":{"self":[{"href":"http:\/\/ardkimya.com\/index.php\/wp-json\/wp\/v2\/pages\/1385","targetHints":{"allow":["GET"]}}],"collection":[{"href":"http:\/\/ardkimya.com\/index.php\/wp-json\/wp\/v2\/pages"}],"about":[{"href":"http:\/\/ardkimya.com\/index.php\/wp-json\/wp\/v2\/types\/page"}],"author":[{"embeddable":true,"href":"http:\/\/ardkimya.com\/index.php\/wp-json\/wp\/v2\/users\/1"}],"replies":[{"embeddable":true,"href":"http:\/\/ardkimya.com\/index.php\/wp-json\/wp\/v2\/comments?post=1385"}],"version-history":[{"count":2,"href":"http:\/\/ardkimya.com\/index.php\/wp-json\/wp\/v2\/pages\/1385\/revisions"}],"predecessor-version":[{"id":1390,"href":"http:\/\/ardkimya.com\/index.php\/wp-json\/wp\/v2\/pages\/1385\/revisions\/1390"}],"up":[{"embeddable":true,"href":"http:\/\/ardkimya.com\/index.php\/wp-json\/wp\/v2\/pages\/1358"}],"wp:attachment":[{"href":"http:\/\/ardkimya.com\/index.php\/wp-json\/wp\/v2\/media?parent=1385"}],"curies":[{"name":"wp","href":"https:\/\/api.w.org\/{rel}","templated":true}]}}