{"id":1132,"date":"2017-11-24T13:13:56","date_gmt":"2017-11-24T11:13:56","guid":{"rendered":"http:\/\/modstil.com.tr\/web\/?page_id=1132"},"modified":"2021-09-30T16:04:13","modified_gmt":"2021-09-30T13:04:13","slug":"hakkimizda","status":"publish","type":"page","link":"http:\/\/ardkimya.com\/index.php\/kurumsal\/hakkimizda\/","title":{"rendered":"Hakk\u0131m\u0131zda"},"content":{"rendered":"\n<style type=\"text\/css\" data-created_by=\"avia_inline_auto\" id=\"style-css-av-av_one_full-6126cab7d8fab8d08143dd2dacdf673c\">\n.flex_column.av-av_one_full-6126cab7d8fab8d08143dd2dacdf673c{\nborder-radius:0px 0px 0px 0px;\npadding:0px 0px 0px 0px;\n}\n<\/style>\n<div  class='flex_column av-av_one_full-6126cab7d8fab8d08143dd2dacdf673c av_one_full  avia-builder-el-0  avia-builder-el-no-sibling  first flex_column_div av-zero-column-padding  '     ><p><div  class='avia-slideshow av-av_slideshow-629cb73e05dbb073af18f8d8a5448f63 avia-slideshow-entry_with_sidebar av_slideshow avia-slide-slider  avia-builder-el-1  el_before_av_textblock  avia-builder-el-first  av-slideshow-ui av-control-default av-slideshow-manual av-loop-once av-loop-manual-endless av-default-height-applied avia-slideshow-1' data-slideshow-options=\"{&quot;animation&quot;:&quot;slide&quot;,&quot;autoplay&quot;:false,&quot;loop_autoplay&quot;:&quot;once&quot;,&quot;interval&quot;:5,&quot;loop_manual&quot;:&quot;manual-endless&quot;,&quot;autoplay_stopper&quot;:false,&quot;noNavigation&quot;:false,&quot;bg_slider&quot;:false,&quot;keep_padding&quot;:false,&quot;hoverpause&quot;:false,&quot;show_slide_delay&quot;:0}\"  itemprop=\"image\" itemscope=\"itemscope\" itemtype=\"https:\/\/schema.org\/ImageObject\" ><ul class='avia-slideshow-inner ' style='padding-bottom: 37.988165680473%;'><li  class='avia-slideshow-slide av-av_slideshow-629cb73e05dbb073af18f8d8a5448f63__0  av-single-slide slide-1 slide-odd'><div data-rel='slideshow-1' class='avia-slide-wrap '   ><img fetchpriority=\"high\" class=\"wp-image-1267 avia-img-lazy-loading-not-1267\"  src='http:\/\/ardkimya.com\/wp-content\/uploads\/2021\/09\/Prodel_Tanklar_Forkliftli_Giydirme_Logolu-845x321.jpg' width='845' height='321' title='Prodel_Tanklar_Forkliftli_Giydirme_Logolu' alt=''  itemprop=\"thumbnailUrl\"   \/><\/div><\/li><\/ul><\/div><br \/>\n<section  class='av_textblock_section av-av_textblock-396ddf1f42196ca838231e61a4602801 '   itemscope=\"itemscope\" itemtype=\"https:\/\/schema.org\/CreativeWork\" ><div class='avia_textblock'  itemprop=\"text\" ><div style=\"text-align: center; font-size: 25px;\">\n<h5>ARD Firmas\u0131n\u0131n tekstil sekt\u00f6r\u00fcndeki tecr\u00fcbesiyle \u00fcretmi\u015f oldu\u011fu Elyaf \u0130plik Ya\u011flar\u0131, Tekstil Makine Ya\u011flar\u0131 ve \u00c7orap \u00d6rme Makine Ya\u011flar\u0131 ve S\u0131v\u0131 tuz ile hizmetinizdeyiz.<\/h5>\n<\/div>\n<p><img decoding=\"async\" class=\"alignnone size-large wp-image-1269\" src=\"http:\/\/ardkimya.com\/wp-content\/uploads\/2021\/09\/ard-logo-1030x201.png\" alt=\"\" width=\"100%\" height=\"201\" srcset=\"http:\/\/ardkimya.com\/wp-content\/uploads\/2021\/09\/ard-logo-1030x201.png 1030w, http:\/\/ardkimya.com\/wp-content\/uploads\/2021\/09\/ard-logo-300x58.png 300w, http:\/\/ardkimya.com\/wp-content\/uploads\/2021\/09\/ard-logo-768x150.png 768w, http:\/\/ardkimya.com\/wp-content\/uploads\/2021\/09\/ard-logo-1500x292.png 1500w, http:\/\/ardkimya.com\/wp-content\/uploads\/2021\/09\/ard-logo-705x137.png 705w, http:\/\/ardkimya.com\/wp-content\/uploads\/2021\/09\/ard-logo-450x88.png 450w, http:\/\/ardkimya.com\/wp-content\/uploads\/2021\/09\/ard-logo.png 1637w\" sizes=\"(max-width: 1030px) 100vw, 1030px\" \/><\/p>\n<\/div><\/section><\/p><\/div>\n","protected":false},"excerpt":{"rendered":"","protected":false},"author":1,"featured_media":0,"parent":1246,"menu_order":0,"comment_status":"closed","ping_status":"closed","template":"","meta":{"om_disable_all_campaigns":false,"_mi_skip_tracking":false,"footnotes":""},"class_list":["post-1132","page","type-page","status-publish","hentry"],"aioseo_notices":[],"_links":{"self":[{"href":"http:\/\/ardkimya.com\/index.php\/wp-json\/wp\/v2\/pages\/1132","targetHints":{"allow":["GET"]}}],"collection":[{"href":"http:\/\/ardkimya.com\/index.php\/wp-json\/wp\/v2\/pages"}],"about":[{"href":"http:\/\/ardkimya.com\/index.php\/wp-json\/wp\/v2\/types\/page"}],"author":[{"embeddable":true,"href":"http:\/\/ardkimya.com\/index.php\/wp-json\/wp\/v2\/users\/1"}],"replies":[{"embeddable":true,"href":"http:\/\/ardkimya.com\/index.php\/wp-json\/wp\/v2\/comments?post=1132"}],"version-history":[{"count":7,"href":"http:\/\/ardkimya.com\/index.php\/wp-json\/wp\/v2\/pages\/1132\/revisions"}],"predecessor-version":[{"id":1351,"href":"http:\/\/ardkimya.com\/index.php\/wp-json\/wp\/v2\/pages\/1132\/revisions\/1351"}],"up":[{"embeddable":true,"href":"http:\/\/ardkimya.com\/index.php\/wp-json\/wp\/v2\/pages\/1246"}],"wp:attachment":[{"href":"http:\/\/ardkimya.com\/index.php\/wp-json\/wp\/v2\/media?parent=1132"}],"curies":[{"name":"wp","href":"https:\/\/api.w.org\/{rel}","templated":true}]}}